 - 57267. Give u(-3).
6
Let z(w) = 49*w**2 + 3*w - 4. Determine z(-6).
1742
Let v(u) = u**2 - 9684*u + 154687. Calculate v(16).
-1
Let w(b) = 170923*b + 341864. Determine w(-2).
18
Let d(l) = -263534*l + 527055. What is d(2)?
-13
Let q(z) = 17*z**2 - 125*z - 4805. Calculate q(-12).
-857
Let o(k) = 10*k**3 + 45*k**2 + 24*k + 253. Determine o(-5).
8
Let c(g) = 2034*g - 24394. Give c(12).
14
Let l(u) = 13*u**2 + 193*u + 139. Calculate l(-14).
-15
Let v(n) = -2*n**2 - 220*n + 6739. What is v(27)?
-659
Let h(q) = 189*q**2 - 86706*q - 20647. Calculate h(459).
8
Let n(u) = 123*u**2 + 18*u - 35. Calculate n(3).
1126
Let o(n) = n**2 - 269*n - 10588. Determine o(304).
52
Let k(c) = -c**3 + 23*c**2 - 35877*c + 644180. Determine k(18).
14
Let b(h) = 2*h**3 + 42*h**2 - 24*h + 385. Give b(-22).
-55
Let q(k) = -3*k**2 + 1029*k + 2055. Determine q(-2).
-15
Let v(z) = 3*z**3 + 4281*z**2 + 8554*z + 4. Calculate v(-2).
-4
Let x(b) = 262027*b + 1048082. Determine x(-4).
-26
Let s(a) = 81*a - 7798. What is s(96)?
-22
Let m(g) = -48*g**2 + 1058*g - 3493. Determine m(18).
-1
Let o(j) = -44482*j + 133452. Calculate o(3).
6
Let q(p) = 238*p + 13036. Give q(-55).
-54
Let j(b) = -3*b**2 - 399*b - 8478. Give j(-24).
-630
Let n(g) = -g**3 + 40*g**2 - 237*g + 37. What is n(7)?
-5
Let l(r) = -2*r**2 + 4315*r + 81520. What is l(-19)?
-1187
Let d(h) = -9*h**2 - 194*h + 1129. Give d(5).
-66
Let v(p) = 12*p**3 - 4752*p**2 + 64*p - 25362. What is v(396)?
-18
Let f(t) = 2*t**2 - 256*t - 5097. Give f(-18).
159
Let g(f) = -2*f**3 + 29*f**2 - 30*f - 263. Calculate g(13).
-146
Let o(d) = 50731*d + 1724842. Determine o(-34).
-12
Let j(n) = -1026*n - 8274. Give j(-8).
-66
Let w(f) = 356*f - 24802. Calculate w(71).
474
Let i(z) = 1553*z - 254695. Determine i(164).
-3
Let q(u) = -71694*u + 286780. What is q(4)?
4
Let n(u) = -u**3 + 5*u**2 + 301*u - 3901. Calculate n(20).
-3881
Let p(i) = i**2 - 1392*i + 116006. What is p(89)?
39
Let g(b) = 4226*b**2 + 16865*b - 70. Calculate g(-4).
86
Let k(q) = 3*q**3 - 18*q**2 - q + 41. Give k(8).
417
Let r(w) = 2119458*w + 4238921. Give r(-2).
5
Let p(w) = -w**3 - 67*w**2 + 20*w - 8214. Give p(-69).
-72
Let c(a) = 6165*a - 9173509. Calculate c(1488).
11
Let k(b) = b**2 + 2228*b - 17830. Give k(8).
58
Let i(h) = h**3 + 85*h**2 + 198*h + 13851. Calculate i(-85).
-2979
Let c(a) = -a**2 - 107629*a + 4. Give c(0).
4
Let a(p) = -149*p + 1104. Determine a(12).
-684
Let u(p) = -p**3 + 22*p**2 - 201*p + 1975. What is u(16)?
295
Let m(s) = 1176*s - 117600. Give m(100).
0
Let p(h) = h**3 + 14*h**2 + 44*h + 83. What is p(-8)?
115
Let j(s) = -s**3 - 60*s**2 + 273*s + 1126. Determine j(-64).
38
Let q(h) = -95*h - 3706. Give q(-37).
-191
Let u(t) = -2*t**2 - 1834*t - 196728. Calculate u(-124).
-64
Let p(n) = n**3 - 95*n**2 + 10*n - 411. What is p(95)?
539
Let v(a) = -21499*a + 1569438. Determine v(73).
11
Let p(a) = 46693*a + 140075. What is p(-3)?
-4
Let s(n) = 22899*n + 137276. Calculate s(-6).
-118
Let f(b) = -b**3 + 68*b**2 + 298*b + 1084. Give f(73).
-3807
Let g(y) = 2*y**2 - 71*y + 1649. Calculate g(17).
1020
Let q(j) = 2455357*j - 14732131. What is q(6)?
11
Let w(k) = k**3 + 15*k**2 - 782*k + 2840. What is w(4)?
16
Let s(r) = r**3 + 970*r**2 + 124996*r - 773. Give s(-153).
-8
Let w(j) = 48566*j - 1068600. What is w(22)?
-148
Let q(y) = -y**3 + 303*y**2 + 60*y - 18181. Give q(303).
-1
Let m(i) = -4*i**3 - 5*i**2 - 2568*i - 10252. What is m(-4)?
196
Let h(s) = -3*s**2 - 4761*s + 135667. Give h(28).
7
Let s(b) = -2*b**3 - 54*b**2 + 3339*b - 4688. Determine s(-57).
-71
Let j(p) = -p**3 - 19*p**2 + 21*p + 449. Determine j(-17).
-486
Let m(u) = 57*u**2 - 520*u - 2012. Give m(12).
-44
Let n(p) = p**3 - 411*p**2 + 2133*p - 205532. Determine n(407).
3
Let u(j) = j**3 - 35*j**2 - 1164*j + 37663. Calculate u(41).
25
Let s(f) = 2*f**3 - 50*f**2 - 98*f + 1043. Calculate s(9).
-2431
Let u(a) = -6*a**2 - 7983*a - 47686. Calculate u(-6).
-4
Let d(v) = 2319*v**2 + 1559*v + 8. Calculate d(-1).
768
Let g(j) = -j**3 - 31*j**2 - 200*j + 678. Give g(-16).
38
Let v(r) = 35*r**3 + 1265*r**2 + 144*r - 240. Calculate v(-36).
1056
Let a(c) = 2*c**3 - 49*c**2 - 19*c - 208. Give a(25).
-58
Let o(y) = -y**3 + 27*y**2 + 124*y - 4590. What is o(25)?
-240
Let x(z) = -773*z - 89203. Calculate x(-115).
-308
Let u(a) = -a**3 + 103*a**2 - 45*a + 1446. What is u(103)?
-3189
Let o(k) = 7*k**3 - 848*k**2 - 1557*k - 5174. Give o(123).
-8
Let y(i) = i**3 - 958*i**2 - 7664*i + 477. What is y(-8)?
-35
Let y(o) = -92360*o + 184718. What is y(2)?
-2
Let s(z) = -15601*z + 1092171. What is s(70)?
101
Let d(o) = o**2 - 238*o - 98170. Calculate d(454).
-106
Let n(v) = 6*v**2 - 13465*v - 107916. Determine n(-8).
188
Let h(r) = 145*r**3 - 33*r**2 - 20*r - 46. What is h(-2)?
-1298
Let d(z) = -z**3 + 36*z**2 + 130*z - 6256. Determine d(34).
476
Let r(l) = -4320*l - 77902. Give r(-18).
-142
Let b(n) = 4*n**2 + 5358*n + 100357. Determine b(-19).
-1
Let u(g) = 7322*g**2 + 109828*g - 20. What is u(-15)?
10
Let w(l) = -11*l**2 + 476*l - 3022. Give w(7).
-229
Let t(g) = -g**2 - 77*g + 125. What is t(-91)?
-1149
Let y(i) = -873*i + 41892. Determine y(48).
-12
Let j(z) = 7279*z + 1543138. Give j(-212).
-10
Let v(d) = 776*d + 5626. What is v(-10)?
-2134
Let z(a) = a**3 - 196*a**2 + 583*a - 1313. Give z(193).
-541
Let l(s) = -1869*s + 325371. Give l(174).
165
Let r(f) = f**3 - 525*f**2 - 294111*f - 3735. What is r(-340)?
5
Let y(k) = -8*k**3 + 123*k**2 - 340*k - 1108. Determine y(8).
-52
Let m(y) = -8*y**3 - 8*y**2 - 68*y - 370. What is m(-7)?
2458
Let a(c) = -c**2 + 6*c + 390. Determine a(30).
-330
Let x(s) = -349*s**2 + 1742*s + 74. Calculate x(5).
59
Let l(m) = m**3 + 14*m**2 - 13*m + 7. Determine l(-14).
189
Let q(m) = -10*m**3 - 50*m**2 - 29*m - 226. What is q(-5)?
-81
Let i(k) = -845*k - 10117. What is i(-12)?
23
Let x(k) = k**2 - 1260*k + 12550. Give x(10).
50
Let k(l) = 3*l**3 + 6*l**2 + 27*l + 1. Give k(0).
1
Let a(k) = 24*k**2 - 3679*k - 2615. What is a(154)?
3
Let i(t) = 744*t**2 - 14109*t - 1. Give i(19).
512
Let q(z) = z**2 - 2974*z - 20848. What is q(-7)?
19
Let o(n) = -1437*n - 35394. Determine o(-24).
-906
Let m(x) = 6*x**3 - 337*x**2 + 36*x + 1129. What is m(56)?
9
Let x(v) = v**2 - 2382*v + 179732. Calculate x(78).
20
Let c(q) = -3870*q + 297986. What is c(77)?
-4
Let l(u) = 6367*u - 210113. Determine l(33).
-2
Let k(m) = 29507*m**2 - 472104*m - 49. What is k(16)?
79
Let a(y) = -69*y**2 - 329*y - 1254. Determine a(-4).
-1042
Let u(c) = -636*c + 24135. Determine u(37).
603
Let u(v) = -152734*v + 916409. Determine u(6).
5
Let f(l) = -l**2 + 415*l + 14783. Determine f(448).
-1
Let g(i) = -2*i**3 - 44*i**2 + 527*i - 387. What is g(8)?
-11
Let n(s) = 212*s + 19056. Calculate n(-90).
-24
Let v(r) = r**2 + 112659*r + 675922. Give v(-6).
4
Let c(x) = -x**2 + 1160523*x + 2321047. Calculate c(-2).
-3
Let o(r) = -5*r**3 - 65*r**2 + 259*r - 59. Give o(3).
-2
Let o(p) = -p**3 - 26*p**2 - 334*p - 10919. Calculate o(-28).
1
Let w(i) = 3135*i + 1047091. Determine w(-334).
1
Let p(b) = -2*b**2 - 297*b - 10914. Calculate p(-82).
-8
Let z(k) = 8*k**3 - 122*k**2 - 90*k - 105. Calculate z(16).
-9
Let z(m) = -4278*m - 42781. Calculate z(-10).
-1
Let q(o) = -o**3 - 5*o**2 + 393*o + 2372. Determine q(-6).
50
Let m(t) = 140*t + 467. What is m(0)?
467
Let p(t) = -32*t**2 + 3191*t + 606. What is p(100)?
-294
Let r(g) = -17*g**3 + 936*g**2 - 43*g - 649. What is r(55)?
11
Let z(p) = -p**2 - 649*p + 62529. Determine z(85).
139
Let j(g) = 44*g**2 + 2595*g - 8254. Calculate j(-62).
-8
Let k(c) = -c**3 + 109*c**2 + 218*c - 79. Determine k(111).
-523
Let z(w) = -w**3 - 471*w**2 - 8998*w + 449. Determine z(-20).
9
Let j(u) = 1720*u + 17352. Give j(-10).
152
Let d(c) = 1452*c - 204. Give d(4).
5604
Let g(f) = -14777*f - 280846. Determine g(-19).
-83
Let b(a) = 2*a**3 + 94*a**2 + 363*a - 14009. Determine b(-37).
-60
Let w(k) = -2*k**3 + 98*k**2 + 1075*k + 94. What is w(58)?
1892
Let n(y) = -6*y**2 + 557*y + 3763. Determine n(99).
100
Let w(u) = -6166*u - 108058. Calculate w(-17).
-3236
Let u(i) = -7*i**3 - 75*i**2 + 396*i + 5. Calculate u(5).
-765
Let q(p) = 8*p**2 + 248*p + 1076. Calculate q(-24).
-268
Let s(a) = -26*a**3 + 13*a**2 - 14*a - 2. Give s(0).
-2
Let s(b) = -2119*b - 1993. What is s(-1)?
126
Let n(m) = 8*m**2 - 2015*m + 819